erivative of -1/6*r**3 + 0 - r - 3/2*r**2. What is the units digit of q(-5)?
2
Let z(t) = -t**3 - 5*t**2 - 12*t - 2. What is the tens digit of z(-5)?
5
Let y(o) = 14*o + 3. Let c(a) = 15*a + 4. Let l(i) = -4*c(i) + 5*y(i). What is the units digit of l(1)?
9
Let t be ((-1)/2)/(2/12). Let h be -2 + (-2 - t) - -8. Let a = h + -2. What is the units digit of a?
5
Suppose x - 16 = -3*k, -10*k + 20 = x - 6*k. Let t = 4 - x. Suppose 5*g = -t*g + 40. What is the units digit of g?
8
Suppose -125 - 559 = -4*r. What is the units digit of r?
1
Suppose -13 - 3 = -4*v. Let x be 4 + 0 - (v + -2). Suppose 3*m = 3*j - m - 46, -x*j = -5*m - 40. What is the tens digit of j?
1
Suppose 0 = 4*j - 2 + 22. Let p(c) = -c**2 - 5*c. Let g be p(j). Suppose -5*z - 10 = 0, -2*r - 2*z + 0*z + 10 = g. What is the units digit of r?
7
Suppose 16*p - 23*p = -1484. What is the hundreds digit of p?
2
Suppose -2*l - 32 = -3*r - r, -r + 4*l = 6. What is the units digit of r?
0
Suppose 0 = 5*x - 25, 5*f - 10*f - 4*x + 1610 = 0. What is the hundreds digit of f?
3
What is the units digit of 17/(-34) + (-122)/(-4)?
0
What is the tens digit of 2668/18 - (-2)/(-9)?
4
Let t = -41 + -13. Let z = t + 92. What is the units digit of z?
8
Let s(f) = 2*f**2 - 2*f + 10*f**2 + f. What is the units digit of s(1)?
1
Let a = -2 - -1. Let p(u) = -4*u**2 + u. Let v be p(a). Let q(n) = n**2 + 5*n + 3. What is the units digit of q(v)?
3
Suppose -31 = x - 3. Let r be (x/(-6))/(3/(-9)). What is the units digit of (-1*2)/(4/r)?
7
Suppose 0 = 4*c + 5*o - 339, 0*o + 1 = -o. What is the units digit of c?
6
Suppose 0 = 3*j + 10 - 28. Let g(p) = -p**3 + 7*p**2 + 3*p - 4. What is the units digit of g(j)?
0
Let z = 186 + -94. What is the tens digit of z?
9
Let k = -82 + 218. What is the units digit of k?
6
Let j be (-45)/(-39) + (-8)/52. Suppose -5*x + j + 4 = 0. What is the units digit of x?
1
Let j(a) = a**2 - 3*a + 5. What is the units digit of j(4)?
9
Let v = -9 + -18. Let u = v + 19. What is the units digit of (u/(-6))/((-3)/(-18))?
8
Suppose 2*v + i = 2*i + 1, v - 3*i + 7 = 0. Suppose -3*b = -v*b - 11. What is the units digit of b?
1
Suppose 3*b - 2*s = 49, 3*b - 56 = s - 6*s. Let t = -10 + b. Let z = t + -5. What is the units digit of z?
2
Let i be -1 + -21 + (-3)/1. Let x = i + 47. What is the tens digit of x?
2
Let s be (-6)/(-27) + 2/(-9). Suppose -3*d + 7 + 5 = s. What is the units digit of d?
4
Suppose 5*d + 3*q = 16, -7*d + 3*d = 2*q - 12. Let p = 4 + d. What is the units digit of p?
6
Let u = 42 - -1. Let o = u - 75. What is the units digit of (30/(-8))/(12/o)?
0
Let u(j) = j**3 + 3*j**2 + 3*j + 3. What is the units digit of u(-2)?
1
Let b(n) = -n**3 + 11*n**2 - 10*n - 8. Let f be b(10). Let l = f + 14. What is the units digit of l?
6
Let l(o) = -o + 11. Let y be l(7). Let k(f) be the first derivative of f**3/3 - f**2/2 - 3*f - 1. What is the units digit of k(y)?
9
Let d(b) = b**2 + 3*b. Let j be d(-5). Suppose -w - 80 = -6*w. Let k = w - j. What is the units digit of k?
6
Suppose -5*n = -20 - 30. Let y = n + -6. What is the units digit of y?
4
Suppose 5*b + 21 + 24 = 0. Let v = 29 - b. What is the tens digit of v?
3
Let s(r) = r**3 + 4*r**2 - 6*r - 1. Let x(k) = -2*k**2 - k + 2. Let z be x(-2). What is the units digit of s(z)?
3
Suppose 0*j = 3*j + v - 49, j - 3*v = 13. What is the tens digit of j?
1
Suppose -2*w = z + 81, -3*z - 218 - 39 = -w. Let h = -45 - z. What is the units digit of h?
0
Let r(m) = m**3 + m**2 + 8. Let h be (-10)/(-45) - 4/18. Let j be r(h). Suppose j + 52 = 5*s. What is the tens digit of s?
1
Let o be 2*(-7)/(7/(-148)). Let t be (-2)/(-9) + o/(-36). Let w = t + 15. What is the units digit of w?
7
Suppose -3*r + 85 + 59 = 0. Let m = -4 + 9. Suppose 4*g - 40 = u - 4*u, -m*u = 4*g - r. What is the units digit of g?
7
Let n be (-2 - -3)*6/(-1). Let h(u) be the third derivative of -u**5/60 - 7*u**4/24 + 5*u**2. What is the units digit of h(n)?
6
Let i(b) = -b**2 - 11*b + 10. What is the tens digit of i(-7)?
3
Suppose 72 = -3*q - 3*k - k, 0 = -3*k. What is the units digit of q*(1 + (-7)/4)?
8
Suppose 2*y + 3*t + 3 = 14, 3*t = 3. Suppose 0*k = -k - y. Let h(b) = -b**2 - 3*b + 5. What is the units digit of h(k)?
1
Let b = 2 + 7. Let w = b + -6. Suppose 5*a - 13 = w*y, 2*a - 3*y + 4 - 2 = 0. What is the units digit of a?
5
Let b = 437 - 247. What is the hundreds digit of b?
1
Suppose -3*i = 4*r - 36, -i - 2*i - 60 = -4*r. What is the tens digit of r?
1
Suppose -4*a - 2*q + 82 = 0, -4*a + 5*q + 61 + 42 = 0. What is the tens digit of a?
2
Let d = 43 - 28. Let z = 27 - d. What is the tens digit of z?
1
Suppose -5*p - 4 + 24 = 0. Suppose -3*h = -p - 29. What is the tens digit of h?
1
Suppose 2*q + 3*j - 3 = 0, -q = -0*j + 2*j. Let k(r) = -r**3 + 7*r**2 - 5*r - 4. Let f be k(q). Let h = -1 + f. What is the units digit of h?
1
Let p(g) = g**2 - 5*g - 11. Let d be p(8). Let f(s) = 2*s - 6. Let j be f(4). Let c = d - j. What is the tens digit of c?
1
Suppose 4 + 12 = q. Let h = -17 - -14. Let u = h + q. What is the units digit of u?
3
Let o be 252*1 - (-6 - -5). Suppose -5*n = 5*q - o + 48, -q - 5*n = -21. What is the tens digit of q?
4
Let c(b) = -b**3 + 7*b**2 + 4*b - 9. What is the tens digit of c(7)?
1
Let o(l) = -2*l**3 - 3*l**2 - 4*l - 3. Let g = 3 - -1. Suppose -g*k = 5*s + 26, -2*s - k - 3 = 5. What is the units digit of o(s)?
9
Let i = -6 + 13. Let j = i + 3. What is the units digit of j?
0
Let f be 2/5 - 246/(-10). Suppose -j = -4*g - f, -5*j = -3*g - 35 - 22. What is the units digit of j?
9
Let j(l) = l**3 + 6*l**2 - 5. Suppose 3*c + 3*k - 2*k = -14, -2*k - 18 = 4*c. What is the units digit of j(c)?
0
Let i = -8 + 6. Let u = 16 - i. What is the tens digit of u?
1
Suppose 0 = 9*r - 29 - 259. What is the units digit of r?
2
Suppose s - 6 = -s. Let a be s - (-1 - -9)*1. Let g(f) = -f**3 - 4*f**2 + 3*f - 5. What is the units digit of g(a)?
5
Let p be (-3 + (-21)/(-6))*6. Suppose 3*q + 9 = 0, 5*b + 2*q + p*q = 0. Suppose -b*c = -4*c + 4. What is the units digit of c?
4
Suppose -4*r - 71 = -m, 19 + 38 = m + 3*r. What is the units digit of m?
3
Suppose 25 = 2*n - 5. Let i be (-3 + 0)*(-3)/(-1). Let x = i + n. What is the units digit of x?
6
Let f(n) = n**3 + 14*n**2 + 8*n - 7. What is the tens digit of f(-13)?
5
Let i(y) = -y**2 + y + 15. Let l(v) = v**2 + 3*v + 2. Let d be l(-2). What is the tens digit of i(d)?
1
Suppose -3 + 12 = -3*i. Let k be ((-39)/(-6) + i)*-2. What is the units digit of (-61)/k + 2/7?
9
Let w be (-1)/((-15)/6 + 2). What is the units digit of (-3 + w)/((-2)/26)?
3
Suppose -3*t = -186 - 183. What is the tens digit of t?
2
Let h(f) = -f**2 + 9*f - 10. Let o be h(7). Let n = -4 + 6. Suppose n = o*m - 3*m. What is the units digit of m?
2
Let b = 105 + -39. Let m = b - 45. What is the tens digit of m?
2
Suppose 2*t + 118 = 5*w, -4*w = -4*t - 4 - 88. What is the tens digit of w?
2
Let x = 0 - -2. Suppose -192 = -x*m - m. What is the units digit of m/10 + 2/(-5)?
6
Suppose 4*a + 63 = 5*a + 5*b, 5*a = -b + 411. What is the units digit of a?
3
Suppose -3*m + m = 2*j, -2*m = -j - 6. Let x = j - -6. What is the units digit of x?
4
Let a(k) = -k**2 - 7*k + 10. Let o be a(-8). Let z(w) = -w**2 + 2*w + 1. What is the units digit of z(o)?
1
Let v(g) = 2*g**2 + g - 1. Let m be v(3). Let h = m - 0. What is the tens digit of h?
2
Suppose -m + 85 = 3*b, -35 = -2*b - 4*m - m. Suppose -i - 27 = -o + i, -i = -o + b. What is the tens digit of o?
3
Let k = -51 + 108. What is the units digit of k?
7
Let n be ((-1)/(1/(-20)))/1. Suppose 0 = -0*d + 2*d - n. What is the tens digit of d?
1
What is the tens digit of (-212)/(-5) + (-6)/15?
4
Suppose 2*u = -0*u - 4. Let y = 2 + u. Suppose 2*a - 4*a + 32 = y. What is the units digit of a?
6
Let f = 4 + -4. Suppose 5*u - 4*c - 33 = -0*c, -4*c + 12 = f. What is the units digit of u?
9
Let d(h) = h**2 - 5*h - 4. Let b be 0 - (1 - -1) - -5. Suppose -24 = -i - b*i. What is the units digit of d(i)?
2
Suppose 5*j - 25 + 5 = 0. Suppose j*r - 24 = -5*u, -r + 0 = -1. Suppose u*s = 33 + 15. What is the tens digit of s?
1
Suppose -3*r + 0*r + 26 = 2*s, -5*r - 5*s + 45 = 0. What is the units digit of r?
8
Let j(l) = 1 - 4 - 5*l + 2. Let s be j(2). Let c = 23 + s. What is the tens digit of c?
1
Let z(d) = -7*d**3 - 3*d**2 - d + 5. Let h(i) = 3*i**3 + 2*i**2 